a) = a**3 - 2*a**2 - 2*a + 3. Let t be u(2). Let g(i) = -i + 1. Let m be g(t). Suppose z - 2 = -j, -3*z + 3 = 4*j - m. What is the units digit of z?
3
Let q be ((-3)/4)/((-7)/(-28)). Let y = 4 + -9. Let i = q - y. What is the units digit of i?
2
Let k be 3 + 3/(-9)*-9. Suppose -k - 210 = -4*i. What is the tens digit of i?
5
Suppose -z + 43 = p - 2*z, -3*p = z - 145. What is the tens digit of p?
4
Suppose -2*m + 48 = -5*b, m = -b + 11 - 1. Let h = m - 2. What is the units digit of h?
2
Let m(k) = 9*k + 49. What is the tens digit of m(16)?
9
Let h = -1 - -6. Suppose -h*t - 4*z = -z + 150, -5*t + z = 150. What is the tens digit of (t/(-4))/(2/4)?
1
Let w be ((-30)/(-4))/(-3)*2. Let j(t) = t**3 + 0*t**3 + 1 + 5*t**2 + 0. What is the units digit of j(w)?
1
Suppose 2*h = 4*p - 22, 30 + 14 = -3*h - 5*p. Let t = 28 + h. What is the units digit of t?
5
Let m(k) = k - 5. Let l be m(9). Suppose -5*a + 142 = 3*x, -88 = -5*a + a + l*x. What is the tens digit of a?
2
Suppose -29 = -2*j + 5*z, 6*z - 2*z = -5*j + 155. Let u = j - 14. What is the units digit of u?
3
Suppose -3*a = -5*d + 44, 4*d - 2*d - 2*a - 20 = 0. Suppose -5 = -2*q + d. What is the units digit of q?
6
Let w(d) = -d + 1. Let p be w(-4). Suppose 0 = p*m - 5 - 5. What is the units digit of m?
2
Let d be (-1)/(-1 - 2/(-1)). Let c be 2/(-1) - (-5 - d). Suppose -5*u = c*b - 34, 3*u - 3*b = -b + 14. What is the units digit of u?
6
Suppose 700 + 524 = 9*v. What is the tens digit of v?
3
Let k(n) = 3*n**3 - 2*n**2 + 1. Let v be k(1). What is the tens digit of 3 + 5*18/v?
4
Suppose 3*s + 2*s + 5*y - 155 = 0, y = -3*s + 95. What is the tens digit of s?
3
Suppose 2*a + 5*q = 0, 3*a - 3*q + 18 + 3 = 0. Let i be (-97)/a + 15/25. Suppose 0 = 3*b - 5*b + i. What is the units digit of b?
0
Let x = 15 - 19. What is the units digit of x/16*-4 + 35?
6
Let l(j) = -j**3 - 7*j**2 - 6*j + 6. Let c be (-2)/3 + (-32)/6. Let z be l(c). Suppose 0*x - x = -z. What is the units digit of x?
6
Suppose -9 = -0*s + 3*s, 4*r + 4*s - 520 = 0. What is the hundreds digit of r?
1
Let y be ((-48)/20)/(1/(-20)). Let h = y + -23. Suppose 4*u = 2*g - 46, -4*u - h = -g + 2. What is the tens digit of g?
1
Let r(l) = 5*l**2 + 3*l + 4. Let c be r(3). Suppose 14 = 4*s - c. What is the tens digit of s?
1
Let v(s) = s**3 + 3*s**2 - 6*s**2 - s + 2 - 2*s**3. Let h be v(-3). Suppose 0 = -4*f + 27 + h. What is the units digit of f?
8
Let h(a) = 2*a**3 - 3*a - 2. What is the tens digit of h(3)?
4
Let z = -6 + 8. Suppose 0 = -t + z*u - 3, 13 = t + 3*t - 3*u. Let f = t - 4. What is the units digit of f?
3
Let v be 8/36 + (-196)/(-9). Let d = v - 11. What is the units digit of d?
1
Suppose 1 = m - 14. What is the tens digit of m?
1
Let x(u) = -u**2 - 5*u + 10. Let f = 25 - 30. What is the tens digit of x(f)?
1
Let j(x) = x**3 - 16*x**2 + 3*x - 4. What is the units digit of j(16)?
4
What is the units digit of -3*(-70)/12*20/25?
4
Let t = -17 + 26. What is the units digit of t?
9
Let i(o) = 16*o**2 - 2*o - 1. Let k be i(-1). Suppose -4*q - k = -5*m, 2*m = -q + 6*q + 17. What is the units digit of -1 + 2/1 + m?
2
Let u be 14/6 + (-14)/(-21). Suppose -4*d + 9*d - 133 = u*v, 0 = -3*d + 4*v + 82. What is the units digit of d?
6
Let b = 22 - 13. Suppose 0*o - 5*f = o + b, f - 43 = -3*o. What is the units digit of o?
6
Suppose -2*y + 4*y = 10. Let m(t) = 16*t + 1. Let f be m(3). Suppose -l + f = 4*s, y*s - l = -0*l + 59. What is the tens digit of s?
1
Let b(p) = 2*p**3 - 4*p**2 - 2*p - 3. What is the tens digit of b(4)?
5
Let w be (66/12)/((-1)/(-2)). Let a = 12 + w. Let b = a - 14. What is the units digit of b?
9
Suppose 3*y + 166 = 3*z - 62, 2*z = -2*y + 156. What is the tens digit of z?
7
Let u = -6 - -7. Suppose -q + 9 = u. What is the units digit of q?
8
Let b = -26 - -58. What is the units digit of b?
2
Suppose 4*a - 1100 = -a. What is the hundreds digit of a?
2
Suppose 3*a - 3*b - 56 = 73, b = -5*a + 215. What is the units digit of a?
3
Suppose 5*y - 2*y = 12. Suppose 2*w - 12 = y*m + w, 5*m - 5*w = -15. Let o = m + 6. What is the units digit of o?
3
Let z be 9/3 - 1 - 0. Let r be (z + -1)*(0 - -1). Suppose -r = y - 2. What is the units digit of y?
1
Let h(s) = s**3 - 8*s**2 + 9*s - 6. Let l be h(6). What is the tens digit of ((-16)/2)/(l/60)?
2
Suppose 4*n + 2*s - 150 = 0, 4*s - 192 = -0*n - 5*n. What is the units digit of n?
6
Let h(y) = 2*y**2 - 2*y - 4. Let j be h(4). Let g = -14 + j. Suppose -2*n + g*n + 114 = 5*x, -2*n + 42 = 2*x. What is the units digit of x?
2
Suppose -5*a - 145 = -10*a. What is the units digit of a?
9
Let a = -5 + 14. Suppose -a = -3*z + 6*k - 3*k, -4*k = -2*z + 4. What is the units digit of 2 - z/(12/(-15))?
7
Let r = 255 + -70. What is the hundreds digit of r?
1
Let w(p) be the second derivative of 0 + 5/2*p**2 - p + 1/12*p**4 + 2/3*p**3. What is the units digit of w(-4)?
5
Let c = 41 + 26. What is the tens digit of c?
6
What is the tens digit of 142 + (-5 - -9) + 0?
4
Let b(s) = 4 + 3*s + 0 + 2*s**2 + 2. Let w be b(-6). Suppose -5*m + 0*v - 3*v + w = 0, 0 = -2*m + 3*v + 24. What is the units digit of m?
2
What is the tens digit of (9/(-2))/((-6)/32)?
2
Let f(i) = -40*i + 1. Let j = -8 - -7. What is the tens digit of f(j)?
4
Let j(f) = -f**2 + 5*f - 4. Let u be j(4). Let n = 7 - u. What is the units digit of n?
7
Let z be (-4)/10 - (-52)/5. Let d be (3 - 6) + 3 - 7. Let s = z + d. What is the units digit of s?
3
Let m(y) be the third derivative of y**5/60 - 11*y**4/24 - 5*y**3/3 - 3*y**2. What is the units digit of m(12)?
2
Let o be (-2)/(6/(-15)*1). What is the units digit of (-366)/(-8) + o/20?
6
Suppose 4*q + 3*r = 2*r - 35, r = q + 10. Let y = 1 - q. What is the units digit of y?
0
Suppose 5*q - 25 = -7*g + 2*g, -5 = g + 3*q. What is the units digit of g?
0
Let g(y) = -y + 10. Let j be ((-16)/(-10))/(3/15). What is the units digit of g(j)?
2
Let l = 16 + 81. What is the tens digit of l?
9
Suppose 216 = 9*q - 441. What is the tens digit of q?
7
Let b(q) be the first derivative of 4*q**3 + q + 3. What is the tens digit of b(1)?
1
Let q(x) = 10*x**2 + 1. What is the hundreds digit of q(-4)?
1
Let k be (6*1/(-2))/(-1). Let o = 5 - k. Suppose 0 = 2*f - f - 1, 4*z - 18 = o*f. What is the units digit of z?
5
Let s be 5*1*6/15. What is the units digit of (4 - 4) + s*3?
6
Suppose -3*b - 108 = -3*v, -v + 65 = 5*b + 23. Suppose 0 = 2*d - 2*x - 30, -4*x = 4*d - 23 - v. What is the units digit of d?
5
Let x be 9*(-4)/(-6) + 0. Let z = 12 - x. Let n = -1 + z. What is the units digit of n?
5
Let b(v) = v**3 - 5*v**2 + v - 1. Let h be b(5). Suppose -2*c = -h*k + 52, 0*k + 4*c + 20 = k. What is the units digit of k?
2
Suppose d - 4*u - 77 = 0, -5*d - 2*u + 331 = 12. What is the tens digit of d?
6
Suppose 0 = -2*u - 2 + 34. What is the units digit of u?
6
Let i = 27 - 3. What is the units digit of i?
4
Suppose 0 = -h + 4*h - 9, 5*h = -i + 17. Suppose 8 = 3*f - i*f. What is the units digit of f?
8
Let g(u) = -10*u - 9. What is the units digit of g(-6)?
1
Let a(g) = 4*g + 1. Let s be a(1). Suppose h + s*z + 7 = 3*z, 3*h - 5*z - 34 = 0. What is the units digit of 11/h - (-1)/3?
4
Let z(a) = a - 3. Let s(t) = t - 1. Suppose 4*f = -0*f - 4. Let q(y) = f*z(y) + 2*s(y). What is the units digit of q(6)?
7
Suppose 4*q = -0*q - 16. What is the tens digit of 10/q*(-9 - 1)?
2
Let b be 3 + 0 - (-1 + 2). Suppose -4*d = -3*d - 4. Let g = b + d. What is the units digit of g?
6
Suppose 3*o = -2*x + 115, o = -5*x + 6*o + 275. What is the tens digit of x?
5
Let d = 1 + 3. Suppose 0 = s + d*s - 5. Suppose 5*v - s - 19 = 0. What is the units digit of v?
4
Let t = 3 + -1. Suppose -k + t*k = 5*l + 1, -5*l + 77 = 2*k. What is the units digit of k?
6
Suppose -w + 2*z - 58 = -3*w, -4*w + 4*z + 132 = 0. What is the tens digit of w?
3
Suppose p = 2*p + 16. Let w = p - -28. What is the tens digit of w?
1
Suppose -4*o + 0*o + 522 = 5*t, -o + 3 = 0. What is the units digit of t?
2
Suppose -4*v + 18 = -2*k + 4*k, -v - 2*k + 9 = 0. Suppose -3*g + v*t + 2*t = -48, 0 = -t. What is the units digit of g?
6
Let k = 118 + -67. What is the units digit of k?
1
Suppose -3*a + 6 = -2*a - 3*p, -5*p = 0. What is the tens digit of (-40)/60 - (-274)/a?
4
Suppose 0 = 3*o + 69 + 39. Let v = -15 - o. What is the tens digit of v?
2
Let w(t) = 81*t**3 + t + 1. Let u be w(-1). Let 